 7)
5
Evaluate -72 + 6 + 60 - (19 + 1 - 1).
-25
Evaluate 6 - ((3 - -1) + -1 - (17 - 30)).
-10
What is 552 + -557 - (-16 + -1)?
12
11 + (2 + 19 + -15 - -9)
26
What is the value of -1 + -14 + -113 + 114?
-14
Evaluate 16 - (9 + -30 + 52).
-15
Calculate 0 + -15 - (-528 - -502).
11
Calculate 7 + 22 - (-11 - -52).
-12
Calculate (-13 + -3 - (-7 + -2)) + -18.
-25
Calculate 6 + -1 + 9 + -6 + 2 + -22.
-12
0 + 2 + (-9 - 2) + (974 - 971)
-6
1 - (-5 - (-1 - (-6 - -7)) - -17)
-13
What is the value of 1 + 17 - (98 + -73)?
-7
(12 - 3 - 5) + 14 + -19
-1
What is the value of 7 + 10 + -14 - 12?
-9
What is the value of -6 + (-24 - -6) + (-27 - -9 - -13)?
-29
What is the value of (-28 - -30 - 24) + 50?
28
What is the value of -1 + -3 - (-3 + -22 - -16)?
5
Calculate 1 + -11 + -29 + (1 - -20).
-18
Evaluate (168 - 161) + (3 - (1 + 0)).
9
Calculate (-28 - (-13 - 5)) + 22.
12
What is the value of -24 + 7 + -8 + 3 + 16?
-6
Evaluate -18 + (0 - (14 + -2)) - (0 + 0).
-30
-12 + 12 + (-4 + 1 - 0) - -9
6
Evaluate 17 + -6 + -30 - 4 - -6.
-17
What is the value of 15 + -8 + 4 + 245 + -256?
0
Calculate -10 + -1 + (-31 - -37) + 12.
7
-4 - (-2 + 1 - (4 + (6 - 7)))
0
Evaluate 17 + (18 - (-22 - -48)).
9
-3 + -13 + 14 + 11
9
What is -2 + -5 + 83 + -91?
-15
What is the value of -10 + 13 + -10 - -12?
5
Calculate -20 + -3 - (2 - 6 - (127 + -129)).
-21
What is the value of -27 - (28 - (-23 + 86))?
8
-35 + 57 - 24 - (2 + -9 + -2)
7
Calculate 15 + 6 + (11 - 17).
15
What is 13 - ((7 - 9 - 4) + 2)?
17
Evaluate 42 + -36 - (6 + -1 + -2) - 5.
-2
What is 9 + 0 + 2 + (-12 - -10) + 0?
9
76 + -77 - (-3 - 1)
3
What is the value of 12 + -9 - (-3 - (-3 + -1 + 2))?
4
What is (-15 - (-12 - -4)) + 33?
26
Evaluate -19 - (-16 - 33 - -10).
20
Calculate -19 + (-388 - -360) + 1 + 18.
-28
Calculate 7 - (-1 + -5 + (19 - (7 - -12))).
13
What is (-1 + 7 - 0) + (12 - 4 - 2)?
12
What is the value of -8 + 0 + 23 + (-17 - -1) + 20?
19
What is the value of 3 - ((-6 - -7) + -13) - (1 - 2)?
16
What is the value of 0 - 16 - (-146 + 133)?
-3
(3 - (-22 - -3)) + -11
11
What is the value of -55 + 65 + 2 + (-4 - -2)?
10
What is the value of (-7 - (1 + -1)) + (38 + -72 - -31)?
-10
What is the value of (13 - 12) + -20 + 15 + (0 - -6)?
2
Calculate 26 + -7 + (25 - 50).
-6
Calculate 3 + (-12 - 4) + 9 - 10.
-14
Evaluate 0 + (-4 - (4 + (-4 - -3))).
-7
(-17 + 3 - (14 + -25)) + 0 + -2
-5
What is the value of (7 - -1 - 12) + 34 - (-1 + 8)?
23
Calculate 3 - -29 - 5 - 4 - 11.
12
What is the value of (-13 - -14) + (6 - (4 + -4))?
7
What is 7 - (-31 - -28 - (-15 - -6))?
1
-14 - (-10 - (-4 - -14))
6
Calculate (5 - 0) + -17 + 22.
10
Calculate 32 - 30 - (-19 + 2).
19
Evaluate (4 - (-3 + 5)) + 3 - (2 + 17).
-14
12 + (1 - (17 - 7))
3
What is the value of -13 - (-12 + -7) - 11?
-5
What is 28 + (28 - (20 + 16))?
20
Calculate (86 - 63) + (-14 - (1 - 2)).
10
Calculate 7 - (-7 + (-4 - 2) + 2 - -4).
14
Calculate (36 - 16) + 5 + (-4 - 0 - -5).
26
What is the value of 23 - (28 + -14) - (-12 + 2)?
19
Calculate (-16 - -1) + (2 + -6 - 3).
-22
Evaluate -7 - (-13 + 13 + 6).
-13
Calculate -4 + (-6 - -2 - -5) + 1 + -18.
-20
Evaluate (-12 - -3 - -31) + 18 + -8.
32
(-4 - -8) + (-5 - (3 + -6)) + 4
6
(-26 - -29 - (5 - 3)) + 26
27
What is (-12 - -13) + (-3 - (-1 - (7 - 0)))?
6
What is 29 - (24 - 8) - 6 - (1 - 1)?
7
8 - ((6 - (13 + -1)) + 12)
2
Evaluate -2 + -32 + 26 + 1 + -16.
-23
What is (21 - -16) + -72 + 66?
31
0 - -1 - (-12 - ((-26 - -31) + -6))
12
-44 + -45 + 19 + 68
-2
What is the value of (1 - (15 + -12)) + 8?
6
(16 - 3) + (8 - 2) + 3 + -2
20
What is 0 + 3 + (-17 - -14)?
0
0 + 5 + 3 + -17 + 24
15
Evaluate -1 + (-112 - -119) + (-5 - -1) + 3.
5
What is 9 + -12 + 16 + -13 - -19?
19
60 - (32 - -5) - 18
5
What is (0 + -2 - 5 - 10 - -2) + 7?
-8
Calculate -2 + 2 + 11 + -8 + 10 + -4.
9
What is 4 - (-5 + (12 - (3 + 2 + -2)))?
0
-1 + (35 - (2 + 15 + -4))
21
Calculate (-10 + 2 - -26) + -4 - 0.
14
Evaluate (0 - 1) + -44 + 28 + 30.
13
Calculate (4 - 18) + (0 + 0 - (-4 + -2)).
-8
Calculate 14 + (-24 + -18 - -19).
-9
Calculate 3 + 0 + -8 + (-9 - -15) - -4.
5
(-70 + 25 - -43) + (9 - -1)
8
What is 5 - (-6 + (6 - (-7 + 7)))?
5
What is 5 - 13 - -4 - -7 - -22?
25
(11 + 0 - 12) + 16
15
Evaluate 22 + (-2 - 25) + -1 + 13 + -2.
5
What is 6 + 8 - 25 - -14?
3
Calculate 83 - 46 - (18 + 9).
10
What is the value of -2370 + 2379 - ((0 - (1 + 0)) + 8)?
2
-10 + 9 + 7 + -8 - 16
-18
Calculate 0 + -3 - (14 - (18 + -12)).
-11
Calculate -1 + 6 - (-11 + 1 + 5).
10
What is 1 + (-3 - (-14 - -1)) + -6 - -5?
10
Evaluate -34 - -44 - (0 - 0).
10
What is the value of (95 - 96) + 1 + 18?
18
Evaluate 3 - -5 - (63 - 52).
-3
Calculate (15 - 35) + 24 + 0 + -7.
-3
What is the value of 6 + -3 - 18 - ((7 - -20) + -17)?
-25
What is 0 + 3 - (0 + (-6 - -7))?
2
What is the value of -102 - -136 - (-5 - -46)?
-7
What is the value of (2 + -2 - (99 - 109)) + -41?
-31
What is the value of 8 + -1 + -90 + 95?
12
Evaluate 0 + 10 - (13 - 1 - 6) - -4.
8
(10 - 32) + 15 + -22
-29
What is the value of -21 + 15 + 8 + -2?
0
Calculate 8 + -39 + 46 + -7.
8
Evaluate 8 + -4 - (5 + 0 + 3).
-4
What is -34 + (1 - -1) - ((-53 - -61) + -17)?
-23
What is the value of -12 + 6 + -13 + 14?
-5
-3 + -1 + (6 - 7 - -8)
3
Evaluate -13 + 4 + (-25 - -44) + -26.
-16
(-13 - -14) + (13 - 6) - 9
-1
What is the value of -31 + 15 + 5 + 4?
-7
Evaluate -3 + (-2 - 0) - (-5 + -4 + -5).
9
What is the value of 9 - ((-1 - 9) + 0 - -14)?
5
-8 + (-4 - -14 - 0) - -8
10
-11 + 3 + 17 - 5
4
What is the value of -6 - (-1 + (7 - 2) + -3) - 6?
-13
Evaluate -7 + -29 + 29 + -15 + 2.
-20
What is the value of 12 + (3 - 14) + 18 + -1 + 4?
22
Evaluate 25 + (-2 + (-8 - -6) - 8).
13
What is the value of (-30 - -1) + 3 + -312 + 320?
-18
-3 + (11 - (-4 + 0)) - (39 - 14)
-13
Calculate -21 + 29 + -8 - (1 - 13).
12
Evaluate 1 - -1 - (-11 + 6 + 0).
7
What is 46 - -3 - 34 - (13 + 6)?
-4
What is the value of 6 + (3 + 0 - (18 + -15) - -8)?
14
(15 - 6) + (1 - 6)
4
Evaluate 14 - (23 + -6) - -14.
11
What is -20 + 15 + 1 + 20?
16
Calculate -9 + 21 - 6 - (-3 - 0).
9
(2 - -15) + (-3 - 0 - -3) + 0
17
What is 8 - (6 + -14 + 32)?
-16
What is 236 + -221 + 0 + 9 + -4?
20
What is the value of (-8 - 2) + (-37 - (-1 + -48))?
2
Evaluate (2 - (9 - 4)) + 20 + -12.
5
What is (-4 - 0) + 2 - 9?
-11
What is (-1 + 4 - -2) + 2 + 5 + 3?
15
What is the value of (27 - (-59 + 54)) + (0 - 11)?
21
Evaluate 1 + 2 + (-6 + 20 - (-26 + 49)).
-6
Evaluate 12 + -9 - (4 + 7 + -7 + 1).
-2
Calculate (-15 - 2 - -13) + 8 + -4 - 11.
-11
What is -3 - (-6 - (14 - 7)) - 3?
7
Calculate 19 - (-19 - (-46 - -19)).
11
Calculate -16 + (-2 + 35 - 16) - -16.
17
Evaluate -8 - -6 - -9 - 4.
3
What is the value of -11 - (-11 + 13) - -2?
-11
Calculate -3 + 10 - (-5 + 6 + 12).
-6
What is the value of -2 + -13 - (0 - 2)?
-13
(1 + 3 - 0 - (-33 + 9)) + -8
20
What is the value of 0 + -12 - (-10 - -7)?
-9
What is the value of 5 - (4 + 0 + -52 + 61 - 4)?
-4
Calculate (2 - 4) + 2 + (-12 + 1 - -8).
-3
What is the value of (1 - -14 - 9) + (-3 - -3) + 9?
15
What is the value of 7 + 8 + (-7 - -8 - 18)?
-2
-5 - ((-19 - (0 - 5) - -2) + -3)
10
Evaluate 7 - (3 + -2) - (13 + -18 + 4).
7
Calculate -329 + 346 + (-1 - -2) + (-3 - -5).
20
What is the value of (10 + (-8 - 0) - 11) + -2?
-11
What is the value of -16 - ((0 - -11) + (-3 - (-6 - -5)))?
-25
What is the value of (-4 - 1) + (9 - 13) + 4 + 9?
4
What is the value of (-22 + 21 - (1 - 0 - 10)) + -3?
5
What is the value of (5 - -1 - (-15 + 23)) + -9 - 21?
-32
-29 + (-18 - -25) + 51
29
Evaluate 5 - (12 + -24) - (2 + -3).
18
Calculate -16 + (15 - 17) - -27.
9
Evaluate 224 + -217 + (2 - 0) - -3.
12
Calculate 3 + 1 + 2 + 2 + -10 + 14.
12
Evaluate 0 - -5 - 15 - (-3 + -20).
13
-19 - (-17 + 10 + 10)
-22
Calculate -32 - (38 + -6 + -93).
29
Calculate 3 + -4 + (-24 - -18) + (-5 - 2).
-14
Calculate -17 + 14 + 1 + -11 + (-6 - -1).
-18
What is the value of -10 + 17 + -1 + 9 - 5?
10
What is 58 + -95 - (-1 - 22)?
-14
Evaluate (7 - (5 + 3)) + 7 + -12 + 7.
1
-6 + 1 - (58 + -55 - (-2 + -12))
-22
-1 - -8 - (30 + 8 - 36)
5
What is -29 + 20 + 1 + (-1 - -2)?
-7
What is the value of (-27 - -15 - -10) + 4?
2
-218 + 213 + 3 + -5 + 4 + 6
3
Calculate -7 + (4 - 1) - (14 - (24 - 14)).
-8
Evaluate 11 - (52 - 14 - 17).
-10
Evaluate 9 + (-9 - 0) + 5 + -9.
-4
Calculate -29 + 1 + (-478 - -531).
25
What is the value of 5 + 21 - -1 - (30 + 